ctors of 85206?
2, 3, 11, 1291
List the prime factors of 2317.
7, 331
What are the prime factors of 3546?
2, 3, 197
What are the prime factors of 80591?
7, 29, 397
What are the prime factors of 9914?
2, 4957
What are the prime factors of 11327?
47, 241
What are the prime factors of 87285?
3, 5, 11, 23
What are the prime factors of 25198?
2, 43, 293
List the prime factors of 306.
2, 3, 17
What are the prime factors of 76?
2, 19
List the prime factors of 48915.
3, 5, 1087
What are the prime factors of 837?
3, 31
What are the prime factors of 10418?
2, 5209
List the prime factors of 2111.
2111
List the prime factors of 15651.
3, 37, 47
List the prime factors of 3820.
2, 5, 191
What are the prime factors of 2697?
3, 29, 31
List the prime factors of 1132.
2, 283
What are the prime factors of 1151?
1151
List the prime factors of 53801.
11, 67, 73
What are the prime factors of 3697?
3697
List the prime factors of 64994.
2, 32497
List the prime factors of 2633.
2633
What are the prime factors of 3234?
2, 3, 7, 11
List the prime factors of 6778.
2, 3389
What are the prime factors of 191236?
2, 47809
What are the prime factors of 7600?
2, 5, 19
What are the prime factors of 129049?
129049
List the prime factors of 14066.
2, 13, 541
What are the prime factors of 9144?
2, 3, 127
List the prime factors of 349.
349
List the prime factors of 4312.
2, 7, 11
What are the prime factors of 169?
13
List the prime factors of 16292.
2, 4073
What are the prime factors of 483?
3, 7, 23
What are the prime factors of 57067?
149, 383
What are the prime factors of 1681?
41
What are the prime factors of 1292?
2, 17, 19
List the prime factors of 19798.
2, 19, 521
What are the prime factors of 11686?
2, 5843
List the prime factors of 11220.
2, 3, 5, 11, 17
List the prime factors of 16280.
2, 5, 11, 37
What are the prime factors of 4100?
2, 5, 41
List the prime factors of 822.
2, 3, 137
List the prime factors of 98474.
2, 53, 929
What are the prime factors of 9232?
2, 577
List the prime factors of 81781.
7, 1669
What are the prime factors of 7864?
2, 983
List the prime factors of 1958.
2, 11, 89
List the prime factors of 24321.
3, 11, 67
What are the prime factors of 22642?
2, 11321
What are the prime factors of 27916?
2, 7, 997
List the prime factors of 684.
2, 3, 19
What are the prime factors of 28646?
2, 14323
List the prime factors of 652.
2, 163
List the prime factors of 55.
5, 11
List the prime factors of 123602.
2, 23, 2687
What are the prime factors of 1444?
2, 19
List the prime factors of 2317.
7, 331
List the prime factors of 77004.
2, 3, 23, 31
List the prime factors of 85547.
7, 11, 101
List the prime factors of 1236.
2, 3, 103
What are the prime factors of 1473?
3, 491
What are the prime factors of 6184?
2, 773
List the prime factors of 277.
277
What are the prime factors of 10730?
2, 5, 29, 37
List the prime factors of 761.
761
List the prime factors of 1673.
7, 239
What are the prime factors of 3912?
2, 3, 163
List the prime factors of 446.
2, 223
What are the prime factors of 2263?
31, 73
List the prime factors of 40220.
2, 5, 2011
List the prime factors of 1609.
1609
List the prime factors of 1216.
2, 19
List the prime factors of 717.
3, 239
What are the prime factors of 18338?
2, 53, 173
List the prime factors of 2476.
2, 619
List the prime factors of 3111.
3, 17, 61
What are the prime factors of 2158?
2, 13, 83
List the prime factors of 42984.
2, 3, 199
List the prime factors of 635.
5, 127
What are the prime factors of 1632?
2, 3, 17
What are the prime factors of 579?
3, 193
List the prime factors of 1621.
1621
List the prime factors of 2225.
5, 89
List the prime factors of 1526.
2, 7, 109
What are the prime factors of 3586?
2, 11, 163
What are the prime factors of 46485?
3, 5, 1033
What are the prime factors of 4114?
2, 11, 17
What are the prime factors of 110791?
23, 4817
List the prime factors of 719.
719
What are the prime factors of 1135?
5, 227
List the prime factors of 2074.
2, 17, 61
List the prime factors of 2919.
3, 7, 139
List the prime factors of 786.
2, 3, 131
List the prime factors of 17587.
43, 409
What are the prime factors of 2005?
5, 401
List the prime factors of 34.
2, 17
What are the prime factors of 54236?
2, 7, 13, 149
List the prime factors of 2113.
2113
List the prime factors of 6327.
3, 19, 37
List the prime factors of 8858.
2, 43, 103
List the prime factors of 5452.
2, 29, 47
What are the prime factors of 5309?
5309
What are the prime factors of 30369?
3, 53, 191
What are the prime factors of 26905?
5, 5381
What are the prime factors of 4340?
2, 5, 7, 31
What are the prime factors of 20158?
2, 10079
What are the prime factors of 65743?
29, 2267
What are the prime factors of 87186?
2, 3, 11, 1321
List the prime factors of 30279.
3, 10093
What are the prime factors of 615?
3, 5, 41
List the prime factors of 585.
3, 5, 13
List the prime factors of 38181.
3, 11, 13, 89
List the prime factors of 903.
3, 7, 43
List the prime factors of 87522.
2, 3, 29, 503
What are the prime factors of 6873?
3, 29, 79
What are the prime factors of 1258?
2, 17, 37
What are the prime factors of 78924?
2, 3, 6577
What are the prime factors of 38385?
3, 5, 853
What are the prime factors of 81002?
2, 101, 401
List the prime factors of 25849.
25849
What are the prime factors of 36137?
36137
List the prime factors of 5182.
2, 2591
What are the prime factors of 28804?
2, 19, 379
What are the prime factors of 774?
2, 3, 43
What are the prime factors of 1538?
2, 769
List the prime factors of 15996.
2, 3, 31, 43
What are the prime factors of 2379?
3, 13, 61
What are the prime factors of 20339?
11, 43
What are the prime factors of 4577?
23, 199
What are the prime factors of 1862?
2, 7, 19
What are the prime factors of 1328?
2, 83
List the prime factors of 4590.
2, 3, 5, 17
List the prime factors of 93715.
5, 18743
List the prime factors of 577.
577
What are the prime factors of 870?
2, 3, 5, 29
List the prime factors of 2708.
2, 677
What are the prime factors of 12812?
2, 3203
List the prime factors of 2744.
2, 7
What are the prime factors of 3463?
3463
List the prime factors of 53950.
2, 5, 13, 83
List the prime factors of 245.
5, 7
What are the prime factors of 123398?
2, 11, 71, 79
List the prime factors of 27563.
43, 641
List the prime factors of 14997.
3, 4999
List the prime factors of 3555.
3, 5, 79
List the prime factors of 1485.
3, 5, 11
List the prime factors of 1024.
2
What are the prime factors of 5965?
5, 1193
List the prime factors of 2666.
2, 31, 43
List the prime factors of 144204.
2, 3, 61, 197
List the prime factors of 6487.
13, 499
What are the prime factors of 3103?
29, 107
What are the prime factors of 4501?
7, 643
What are the prime factors of 6491?
6491
What are the prime factors of 38306?
2, 107, 179
What are the prime factors of 14854?
2, 7, 1061
List the prime factors of 7820.
2, 5, 17, 23
List the prime factors of 1117.
1117
List the prime factors of 11736.
2, 3, 163
What are the prime factors of 391?
17, 23
List the prime factors of 4210.
2, 5, 421
What are the prime factors of 13194?
2, 3, 733
List the prime factors of 302.
2, 151
What are the prime factors of 59932?
2, 14983
List the prime factors of 37351.
41, 911
What are the prime factors of 3720?
2, 3, 5, 31
List the prime factors of 3761.
3761
List the prime factors of 32953.
31, 1063
List the prime factors of 54895.
5, 10979
What are the prime factors of 5153?
5153
What are the prime factors of 14087?
14087
What are the prime factors of 1022?
2, 7, 73
What are the prime factors of 33753?
3, 11251
List the prime factors of 31450.
2, 5, 17, 37
List the prime factors of 70.
2, 5, 7
List the prime factors of 602.
2, 7, 43
List the prime factors of 42839.
42839
List the prime factors of 355.
5, 71
List the prime factors of 46535.
5, 41, 227
What are the prime factors of 1401?
3, 467
What are the prime factors of 5051?
5051
What are the prime factors of 2112?
2, 3, 11
List the prime factors of 842.
2, 421
List the prime factors of 24774.
2, 3, 4129
List the prime factors of 1553.
1553
List the prime factors of 1033.
1033
What are the prime factors of 27512?
2, 19, 181
What are the prime factors of 28594?
2, 17, 29
List the prime factors of 2309.
2309
List the prime factors of 1738